) = r**3 - 8*r**2 + 7*r + 6. Let p be d(7). What are the prime factors of f(p)?
7
What are the prime factors of 9/(-9) + (-3)/(-3)*46?
3, 5
Let x(h) = -h**3 + 9*h**2 + 11*h - 13. Let z be x(10). Let l(b) = -b**2 - 5*b - 2. What are the prime factors of l(z)?
2
Let z(k) be the third derivative of -k**6/120 + k**5/10 + k**4/12 + k**3/6 + 4*k**2. List the prime factors of z(6).
13
Let f = -13 + 34. Suppose -s = f - 61. What are the prime factors of s?
2, 5
Let y(f) = 5*f + 3. Suppose 4*z + 3 = m + 32, -3*m = 15. List the prime factors of y(z).
3, 11
Suppose -h - 34 = -2*r + r, 103 = 3*r - 4*h. What are the prime factors of r?
3, 11
Let a(i) = i**2 + 5*i - 9. Let g be a(-8). What are the prime factors of 483/15 + (-3)/g?
2
Suppose -2*i = i. Suppose l - 2*l + 3 = i. List the prime factors of l.
3
What are the prime factors of 42/8 - 2/8?
5
Suppose j - 3*j - 16 = 0. Let o = j - -17. Suppose -45 = -3*s + o. List the prime factors of s.
2, 3
Let v(b) = 6 - b**3 - 3 + b + 7*b**2 + 0. Let k(m) = -m + 1. Let f be k(-6). What are the prime factors of v(f)?
2, 5
Let c be 9/(-6)*4/(-3). Suppose 4*w = 4, 0 = -5*t + 5*w + 9 + 1. Suppose -14 = -t*l - h, -c*l + l = -3*h + 12. List the prime factors of l.
3
Suppose -5*f + 5*l + 1030 = 0, 4*l + 592 = 5*f - 433. List the prime factors of f.
3, 67
Suppose -6*j + 2*j = 3*u + 3, -1 = u. Let z(d) = d**2 + d - 2. Let o be z(-2). Suppose -3*f + j*f + 9 = o. List the prime factors of f.
3
Let x be 8*1*(-3)/(-6). Let q(i) = 5 - x + 3*i - 3. What are the prime factors of q(2)?
2
Suppose 2*y - 5 = y. Suppose -5*v + x + 28 + 21 = 0, -v = -5*x - y. What are the prime factors of v?
2, 5
Let j(o) = o**2 - 2*o + 1. Let m be j(4). Suppose -5*b + 5*k + 15 = 0, 3*b + 3*k = k + m. List the prime factors of b.
3
Suppose 6*c - 17 = 7. What are the prime factors of c?
2
List the prime factors of 279/4 + 0 + (-14)/(-56).
2, 5, 7
Let v be -45*3/(1 - -2). Let o = v + 63. Let y = -6 + o. List the prime factors of y.
2, 3
Suppose -2*t = 3*d - 37, t = -0*d + d - 9. What are the prime factors of d?
11
Let x be -1 - ((-2 - 0) + 1). Suppose x = -4*s - 2*z + 14 + 4, 25 = -5*z. List the prime factors of s.
7
Suppose -s - d + 8 = -4*d, -d = s - 28. List the prime factors of (s*4/(-4))/(-1).
23
Let x(r) = -6*r + 8. List the prime factors of x(-5).
2, 19
Suppose 0 = 2*q - 30 + 2. Let j = q - -12. What are the prime factors of (j/10 - 3)*-40?
2
Let h = 11 - -2. List the prime factors of h.
13
Suppose 0 = 4*q - 4*b - 4, -4*b + 16 = -3*q + 4*q. Suppose 13 - 59 = -3*l + q*t, t = -3*l + 41. List the prime factors of l.
2, 7
Suppose -3*n - 10 = 4*j, 18 = n - 3*j + 4. Let v be -4 + 14 + (0 - n). Let c = 21 - v. What are the prime factors of c?
13
Suppose -5*c = -229 + 24. Let p = c + -25. List the prime factors of p.
2
Let x be 24/10*(-40)/(-6). Suppose 5*a = 2*m - m - x, -4*m + 5*a + 34 = 0. Suppose 16 - m = r. List the prime factors of r.
2, 5
Let i be 4/6*3 + -2. Suppose i*y = -3*y + 6. Let c(r) = 2*r**2 + 1. List the prime factors of c(y).
3
Let k(u) be the first derivative of u**4/2 - u**2/2 - 2*u + 1. Let i be k(2). Suppose 0 = 5*o - 3*w - i, o - 6*w + w = -2. What are the prime factors of o?
3
Let f(p) = 5*p - 7. Let b be f(6). Let o = b + -12. Suppose -c + 5*c + o = -k, 0 = 4*k + 5*c. What are the prime factors of k?
5
Let p be ((-12)/(-10))/((-2)/120). Let o = p + 103. What are the prime factors of o?
31
Let h(b) = -4*b + 1. Let f(x) = -x**2 + 3*x + 5. Let c be f(4). Let r(l) = -1. Let g(i) = c*h(i) + 4*r(i). List the prime factors of g(-3).
3
What are the prime factors of 126/8 - 6/(-24)?
2
Suppose 322 = -70*w + 71*w. What are the prime factors of w?
2, 7, 23
Let p(q) = -5*q**3 + 9*q**2 - 5*q + 3. Let d(y) = 4*y**3 - 9*y**2 + 6*y - 2. Let b(g) = -6*d(g) - 5*p(g). List the prime factors of b(-10).
7
Suppose -3*f - 41 = -3*g - f, 10 = 5*f. What are the prime factors of g?
3, 5
Let n be 6/15 - 6/(-10). Let i = n + -1. Suppose -p + 5 = -i*p. List the prime factors of p.
5
What are the prime factors of ((-76)/(-8) - -4)/((-4)/(-48))?
2, 3
Suppose 0 = 4*n - t - 31, 4*t + 25 = 2*n + 3*n. List the prime factors of (-3)/n*(-115 - -1).
2, 19
Let j be 31/(-3) + (-10)/(-30). Suppose -4 = 4*n + 4. Let w = n - j. List the prime factors of w.
2
Let u be 88/14 + 4/(-14). Suppose -u = 2*r - g + 8, 5*g + 28 = -4*r. What are the prime factors of (2 + -3)*r*2?
2, 7
Suppose 3*a - 18 = 36. Suppose m - 3*m = -a. What are the prime factors of m?
3
Suppose 15*u - 5*u - 220 = 0. What are the prime factors of u?
2, 11
Let p(n) = -5 + 0 - n + 3. Let v be p(7). List the prime factors of (-65)/v + 2/(-9).
7
Suppose 0 = 2*v - 4*v + 6. What are the prime factors of (-2 - -1) + 9/v?
2
Let p = 101 + -56. What are the prime factors of p?
3, 5
Suppose 30 = -4*t - t. Let r = 8 + t. List the prime factors of r.
2
Suppose -h + 0*h = 40. Let d = h - -56. What are the prime factors of d/(-24)*(-18)/4?
3
Let j(i) = -i + 3. Let n be j(0). Suppose 23 - 5 = n*q. What are the prime factors of q?
2, 3
Let w = -92 - -350. Suppose -5*c = 73 - w. What are the prime factors of c?
37
List the prime factors of ((-2)/1 - -2) + 23.
23
Let v(w) = -2*w**3 - 13*w**2 - 7*w + 1. What are the prime factors of v(-6)?
7
Let v(k) = -k**2 - 29*k - 50. List the prime factors of v(-26).
2, 7
Let y = 33 + -23. Suppose n = y + 8. List the prime factors of n.
2, 3
Let a(h) = h**3 - h + 2. Let f be a(0). Let k be 3/(-1)*(-2)/f. Suppose 2*n - 22 = 3*y, -n + 0*y = k*y - 2. What are the prime factors of n?
2
Suppose -5*l + 349 = -61. List the prime factors of l.
2, 41
Let r = 5 + 0. Suppose r*f - 4 = 16. What are the prime factors of f?
2
Let b be 0 + (-1 + 2 - 2). Let i(h) = -14*h**3 + 2*h**2 + h. Let s be i(b). Let c = -7 + s. List the prime factors of c.
2
Suppose u + 8 = -w, 6*u - u = 4*w + 14. Let g be ((-4)/(-2))/(w/(-9)). Suppose 0 = y - 4, -g*z = z + y - 68. List the prime factors of z.
2
Let x = 10 + -7. Suppose -5*d + 5 = x*h - 7, -20 = -5*h - d. List the prime factors of (h/(-6))/((-2)/15).
5
Let j(o) = -o**2 + 6*o - 1. Let b be j(4). Let t = b - -2. Suppose -4*f - 15 = -t*f. List the prime factors of f.
3
Suppose -2*n + 168 = -246. List the prime factors of n.
3, 23
Suppose 3*y + 24 = 7*y. Suppose -2*p + y = 5*s, 0 = -p + 6*p - 15. Suppose -3*j + 21 = h, s = j - 4*h + 3 + 3. What are the prime factors of j?
2, 3
Let b(y) = y**3 - 5*y**2 + 6*y - 1. Let w be b(5). Let i(r) = 2*r - 4. Let j be i(-4). Let t = j + w. What are the prime factors of t?
17
Let b(k) = 2*k**2 - 8*k + 6. Let u be b(5). Suppose 0 = -3*l + 7*l - u. List the prime factors of l.
2
Let l(v) = v**3 - 10*v**2 + 2*v + 10. List the prime factors of l(10).
2, 3, 5
Let j(m) = -m**3 + 3*m**2 - 2*m + 7. Let x(y) = -6*y**3 + 15*y**2 - 11*y + 36. Let s(p) = -11*j(p) + 2*x(p). List the prime factors of s(-4).
11
Let w = 364 + -201. What are the prime factors of w?
163
Let k be (20/(-16))/(2/(-16)). Suppose 4*h - 9 = 3. Suppose 0 = h*i - 4*i + k. List the prime factors of i.
2, 5
Let k(q) = -6*q**3 - q**2. Suppose -u + 12 = 3*u. Suppose 3*r + 0 = -u. List the prime factors of k(r).
5
Suppose -3*h = -5 + 8, 0 = -l + 2*h + 7. Suppose q = 3*u - 36, -l*u + u + 2*q = -50. List the prime factors of u.
11
Let p(b) = -b**3 - 5*b**2 + 6. Let y be 84/(-16) + (-2)/(-8). Let l be p(y). List the prime factors of ((-4)/l)/(4/(-42)).
7
Let q(p) = -p**2 - 9*p + 10. Let x be q(-7). Let v = x - 12. List the prime factors of v.
2, 3
Let a be (-10)/(-35) - (-2)/(-7). Let p = 2 - a. Suppose 3*l - 39 = -p*o, 3*l = -5*o + 43 - 13. What are the prime factors of l?
3, 5
Let r = 143 - 51. Suppose 0 = -0*n - 2*n + r. Let f = 64 - n. What are the prime factors of f?
2, 3
Let b(i) be the first derivative of -2*i**2 + i - 1. List the prime factors of b(-1).
5
Let g = 49 - 22. Let s = -7 - -13. List the prime factors of s/(-27) - (-168)/g.
2, 3
List the prime factors of (-18 + -2)/(4 - 5).
2, 5
Let p be (2/5)/(2/10). Let t(h) = -h**2 - 5*h - 2. Let k be t(-2). Let q = k - p. List the prime factors of q.
2
Let k be (-1)/4 - 3/4. Let m(q) = 8*q**2 + q. List the prime factors of m(k).
7
Suppose 0 = -5*p + 5, 2*x - 4*p - 8 = x. What are the prime factors of x?
2, 3
Let o(y) = -14*y - 20. List the prime factors of o(-6).
2
Let d(s) be the third derivative of s**6/720 + s**5/30 - s**